{"id":548,"date":"2023-09-22T18:40:45","date_gmt":"2023-09-22T23:40:45","guid":{"rendered":"https:\/\/jesteck.com\/Tienda\/?post_type=product&#038;p=548"},"modified":"2023-09-22T18:40:45","modified_gmt":"2023-09-22T23:40:45","slug":"case-enclosure-agiler-ssd-m-2","status":"publish","type":"product","link":"https:\/\/jesteck.com\/Tienda\/producto\/case-enclosure-agiler-ssd-m-2\/","title":{"rendered":"CASE ENCLOSURE AGILER SSD M.2"},"content":{"rendered":"<body><p>\u2013 La carcasa AGILER SATA NGFF permite una instalaci\u00f3n r\u00e1pida y sencilla de sus SSD M.2 NMVe o SSD SATA M.2. La primera vez que utilice la unidad de estado s\u00f3lido m.2 SSD, debe formatear el disco. Ser\u00e1 seguro para sus datos de memoria.<\/p>\n<p>\u2013 Compatible con M.2 NVMe \/ SATA PCIe M key, PCIe B &amp; M key SSD. Nota: NVMe y SATA SSD no est\u00e1n incluidos. NO es compatible con SSD M.2 PCIe AHCI, dispositivos M.2 PCIe como WiFi y tarjetas de captura, SSD mSATA y SSD de factor de forma no M.2. Aplicable a tama\u00f1os 2242 \/ 2260 \/ 2280 controladores de estado s\u00f3lido.<\/p>\n<\/body>","protected":false},"excerpt":{"rendered":"<p>\u2013 La carcasa AGILER SATA NGFF permite una instalaci\u00f3n r\u00e1pida y sencilla de sus SSD M.2 NMVe o SSD SATA M.2. La primera vez que utilice la unidad de estado s\u00f3lido m.2 SSD, debe formatear el disco. Ser\u00e1 seguro para sus datos de memoria. \u2013 Compatible con M.2 NVMe \/ SATA PCIe M key, PCIe &hellip;<\/p>\n<p class=\"read-more\"> <a class=\" thunk-readmore button \" href=\"https:\/\/jesteck.com\/Tienda\/producto\/case-enclosure-agiler-ssd-m-2\/\"> <span class=\"screen-reader-text\">CASE ENCLOSURE AGILER SSD M.2<\/span>Leer m\u00e1s<\/a><\/p>\n","protected":false},"featured_media":549,"comment_status":"open","ping_status":"closed","template":"","meta":{"om_disable_all_campaigns":false},"product_brand":[],"product_cat":[152,150],"product_tag":[],"class_list":{"0":"post-548","1":"product","2":"type-product","3":"status-publish","4":"has-post-thumbnail","6":"product_cat-agiler","7":"product_cat-enclosure","8":"thunk-woo-product-list","9":"opn-qv-enable","10":"open-woo-hover-zoom","11":"open-single-product-tab-horizontal","12":"open-shadow-","13":"open-shadow-hover-","15":"first","16":"instock","17":"shipping-taxable","18":"purchasable","19":"product-type-simple"},"_links":{"self":[{"href":"https:\/\/jesteck.com\/Tienda\/wp-json\/wp\/v2\/product\/548","targetHints":{"allow":["GET"]}}],"collection":[{"href":"https:\/\/jesteck.com\/Tienda\/wp-json\/wp\/v2\/product"}],"about":[{"href":"https:\/\/jesteck.com\/Tienda\/wp-json\/wp\/v2\/types\/product"}],"replies":[{"embeddable":true,"href":"https:\/\/jesteck.com\/Tienda\/wp-json\/wp\/v2\/comments?post=548"}],"wp:featuredmedia":[{"embeddable":true,"href":"https:\/\/jesteck.com\/Tienda\/wp-json\/wp\/v2\/media\/549"}],"wp:attachment":[{"href":"https:\/\/jesteck.com\/Tienda\/wp-json\/wp\/v2\/media?parent=548"}],"wp:term":[{"taxonomy":"product_brand","embeddable":true,"href":"https:\/\/jesteck.com\/Tienda\/wp-json\/wp\/v2\/product_brand?post=548"},{"taxonomy":"product_cat","embeddable":true,"href":"https:\/\/jesteck.com\/Tienda\/wp-json\/wp\/v2\/product_cat?post=548"},{"taxonomy":"product_tag","embeddable":true,"href":"https:\/\/jesteck.com\/Tienda\/wp-json\/wp\/v2\/product_tag?post=548"}],"curies":[{"name":"wp","href":"https:\/\/api.w.org\/{rel}","templated":true}]}}